t of 19 - 84/4 - (-1 - 3831)?
0
Let q(y) = y. Suppose 2*i + 4 = -5*r - 9, 4*i + 14 = 2*r. Let c be q(r). Let v(d) = 158*d**2 - 9*d - 9. What is the hundreds digit of v(c)?
1
Let o be (-779)/(-8) + 6/(-16). Let t = o + 14. What is the hundreds digit of t?
1
Let l be (18 + 0)*4/3 + 4. Suppose 0 = -29*f + l*f - 28. What is the units digit of ((-292)/f - 7)/((-2)/(-42))?
2
Let z = -32310 - -50184. What is the ten thousands digit of z?
1
Let o(p) = -2*p**2 + 3*p**3 + 75*p + p**2 - 73*p + 0*p**2 + 5. Let g(y) = -2*y**3 + y**2 - 2*y - 4. Let n(r) = 5*g(r) + 4*o(r). What is the units digit of n(4)?
6
Suppose -3*x - 5*c = -9*c - 31176, -5*x + 51890 = 5*c. What is the ten thousands digit of x?
1
Let r = -389 + 3553. Let x = r + -1922. What is the hundreds digit of x?
2
Suppose -15*s + 77 = -73. Suppose -2689 = -4*l + o, -4*l + s*o + 2685 = 13*o. What is the units digit of l?
2
Suppose 1337 = 2*s - 1063. Let w = 1934 - s. What is the units digit of w/6 - (-2)/3?
3
Suppose -291411 = -370*k + 327*k. What is the hundreds digit of k?
7
Let s(t) = t**3 - 7*t**2 + 2*t - 11. Let g be s(7). Let c(j) = -j**g + 4*j**2 + 3*j**2 + 7 + 10*j - 29 - 3*j**2. What is the units digit of c(5)?
3
Suppose -5*s - 10 = 5*b, -2 = -0*b - 2*b. What is the tens digit of s*(-3)/(-12) - (-823)/4?
0
Suppose 0 = -3*i + 4*m + 52069 + 32150, -5*i + 3*m = -140365. What is the thousands digit of i?
8
Let p(t) = 234*t - 14. Suppose -3*f = 83 - 89. What is the tens digit of p(f)?
5
Let g be 9 - (-5 + 6)*1*3. Suppose 0 = g*v - 3*v. Suppose 4*t - 378 + 30 = v. What is the tens digit of t?
8
Suppose s - 33 = -24. Let k be (4/12)/((-3)/s). What is the tens digit of (-10)/(-2)*(-7)/k?
3
Suppose 0 = 4*g - 5*i - 18971, -14222 = -4*g + g + 5*i. What is the thousands digit of g?
4
Suppose 1079303 = 15*s + 10013. What is the units digit of s?
6
Let c(h) = 101*h**2 + 11*h + 1. Let k(i) = -2*i + 1. Let j(y) = c(y) + 5*k(y). What is the hundreds digit of j(2)?
4
Suppose -8*u = -2*w - 7*u - 1714, 3*u + 2589 = -3*w. What is the hundreds digit of (-8)/(-6 - -2) - (-9 + w)?
8
Suppose c - 4*h - 915 = 0, 7*c + h = 8*c - 930. Suppose 188*a + c = 193*a. What is the hundreds digit of a?
1
Let b be (-2)/(5 - 126/26). Let n(d) = -d**2 - 42*d - 13. What is the hundreds digit of n(b)?
3
Let y be (-4 + -3)/(1 + -2). Suppose -130 + 18 = -y*b. Let c(t) = -t**2 + 18*t + 1. What is the units digit of c(b)?
3
Let r(k) = 2*k + 24. Let w be r(-10). What is the units digit of -401*w/2*(-13)/26?
1
Let n(a) = 1702*a - 1035. What is the tens digit of n(3)?
7
Suppose -129*q + 2595058 = 24*q - 1258553. What is the tens digit of q?
8
Let y be ((-605)/(-15) - 1)/((-8)/12). What is the tens digit of 27*46 - (y + 55)?
4
What is the tens digit of (2031/4)/((-255)/(-1360))?
0
Let y be 0*(1/(-2) - 9/18). Suppose -r = 3*k - 2303, 5*k + 4*r = -y*r + 3843. What is the tens digit of k?
6
Let l = 136 + -151. Let b(u) = -u**3 - 13*u**2 + 4*u - 9. What is the units digit of b(l)?
1
Let p(x) = 6*x**2 + 4*x - 5. Let u be p(1). Suppose 2*a + b - 1410 = -0*a, 3524 = u*a + 2*b. What is the tens digit of a?
0
Let o(w) = -w**2 + w - 99. Let l be o(0). Let f be (-220)/l - 4/18. Suppose -3*p + g = -g - 170, f*g + 228 = 4*p. What is the tens digit of p?
5
Let q(t) = t**2 + 17*t + 32. Let i be q(-15). Suppose -28 = i*n - 32. Suppose 0*w - 95 = -5*w - 5*a, -n*w = a - 40. What is the units digit of w?
1
Let b be (16/(-10))/((-3)/90). Let c = -36 + b. Let p = 86 + c. What is the tens digit of p?
9
Suppose 50*b - 1212 = 47*b. Let a = -25 + b. What is the hundreds digit of a?
3
Let n(s) = -s**3 - 17*s**2 - 17*s - 10. Let b be n(-16). Let x be -2 - (1 + (-2 - 1)). Suppose f - b*f + 220 = x. What is the units digit of f?
4
Let q = -33988 + 60326. What is the units digit of q?
8
Let c(t) = 15*t**2 + 20*t + 166. What is the thousands digit of c(-23)?
7
Let m(y) = 24*y - 10. Let i be -2 - 62/(-8) - 14/(-56). Suppose 0 = i*k - 49 + 19. What is the tens digit of m(k)?
1
Let w(d) = 15*d**2 + 2*d + 2. Let t be w(-1). What is the tens digit of (-167352)/(-360) - (-2)/t?
6
Suppose 3956*i = 3938*i + 91872. What is the thousands digit of i?
5
Let l(m) = -34*m**3 + 20*m**2 + 93*m + 55. What is the thousands digit of l(-12)?
0
Let a(p) = 14*p + 96. Let s be a(-7). What is the hundreds digit of 4/(s/(-84) - 0)?
1
Let a(x) = x**3 + 28*x**2 + 39*x - 90. Let m be a(-26). Suppose -323*j + 325*j = m. What is the tens digit of j?
2
Let p(g) = 92*g**2 + 224*g - 16. What is the thousands digit of p(8)?
7
Suppose -49582 = -c - 5*r, -2*r + 78784 + 119508 = 4*c. What is the units digit of c?
2
Let d = 37054 - -8911. What is the thousands digit of d?
5
Let p(i) = -i - 9. Let k be p(-12). Suppose b + 151 = -5*h - b, -5*h + k*b = 136. Let g = -8 - h. What is the units digit of g?
1
Let f be (-2)/((-8)/(-20)) - 62. Let l = 272 + f. What is the units digit of l?
5
Suppose 392 = 3*z - 4*x, -x - 55 = -4*z + 472. Let h be (-6 - z/(-5))/((-3)/(-10)). Let c = -52 + h. What is the tens digit of c?
1
Let y = -2950 - -19543. What is the ten thousands digit of y?
1
Suppose 2*r = 8*x - 11*x + 9, 5*x = -3*r + 16. Suppose 0 = -2*h + x*i - 143 + 722, -2*h - 4*i = -588. What is the hundreds digit of h?
2
Suppose 15*q = 615 - 90. Suppose 41*f = q*f + 4332. What is the tens digit of f?
2
Let j(k) be the third derivative of k**3 + 0*k - 7*k**2 - 1/12*k**4 + 0 + 1/12*k**6 - 1/60*k**5. What is the units digit of j(2)?
8
Suppose t + 5*c + 13 = 0, 2*t - 5*t + 3 = c. Suppose v = t*v - 5. What is the units digit of 508/v - (-16)/40?
2
Let u be (6 - 63)/(5/2 - 2). Let t = -113 - u. What is the units digit of t?
1
Let s = -792 - -1654. Let b = -517 + s. What is the hundreds digit of b?
3
Let g(x) = -474*x**3 - 3*x**2 - 5*x - 4. Suppose 0 = -7*t + 12*t + 5. What is the tens digit of g(t)?
7
Let v be (3 + -5)/(-3*(-14)/21). Let w(f) = -755*f + 14. What is the hundreds digit of w(v)?
7
Let n(p) = 45*p + 3. Let l be n(42). Suppose 75*s - 70*s - l = -4*b, -2 = -2*s. What is the units digit of b?
2
Suppose 19 = -22*s + 21*s. Let y = -15 - s. Let b = 35 + y. What is the units digit of b?
9
Let o be 2 + (-6)/(-5 - (-5 + 2)). Suppose -17*i = -o*i - 2364. Let s = i + -62. What is the hundreds digit of s?
1
Let v(p) = -10*p**3 - 5*p**2 - 31*p - 243. What is the hundreds digit of v(-9)?
9
Let q(f) = f**3 + 9*f**2 + f + 7. Suppose -z - 5*n = 29, 3*z + 0*n = -3*n - 39. Let s be q(z). Let k = 163 - s. What is the hundreds digit of k?
1
Suppose -5*v - 31 = 4*o, -3*o = v + 8 + 7. Let n(b) = -11*b - 2. Let i be n(v). Let l = 226 + i. What is the tens digit of l?
5
Let g = -109 + 169. Let r be ((-5)/3)/((-110)/264). Suppose -3*c + r*t - 75 = -8*c, 0 = -5*c - t + g. What is the tens digit of c?
1
Suppose 3*b - 6 = 3*i, 4*b - 2*i + 24 = 40. What is the hundreds digit of (4/(-14))/(b - 17980/2996)?
2
Suppose 0 = 3*s + 6*y - 15669 - 51777, -2*y - 22458 = -s. What is the thousands digit of s?
2
Suppose 18*o + 560 = 23*o. Let p = -118 + o. What is the units digit of 12/(-8) - 1629/p?
0
Let r = -52 - -53. What is the tens digit of (-1008)/(r + -4) + 5?
4
Let t(q) = -q**3 - 9*q**2. Suppose -4*d = -4*l - 20, 4*d - 1 = l - 8. Let v be t(l). Suppose -j + 135 + 93 = v. What is the hundreds digit of j?
2
Let b be 2 - (4 + -7117)/3. Suppose -715 = -4*h + b. Suppose -4*p = 5*y - h, 0*p + 465 = 3*y + 3*p. What is the hundreds digit of y?
1
Let a = 1335 + -624. Let t = 1208 - a. What is the tens digit of t?
9
Let g(n) = 11*n**2 + 8*n + 24. Let i be g(-3). Suppose i + 1821 = 4*p - 4*q, p - 450 = -5*q. What is the units digit of p?
5
Suppose 49608 = -10*k + 34*k. Suppose 0 = -4*q - 11 + 27, 0 = h - 5*q - k. What is the thousands digit of h?
2
Let o(p) = -p - 8. Let u be o(-3). Let h = -15 - -31. Let f = u + h. What is the units digit of f?
1
Let o(q) = 39*q**2 + 175*q + 99. What is the hundreds digit of o(-36)?
3
Suppose -1526525 = 8*h - 25*h - 60*h. What is the tens digit of h?
2
Let q be ((0/(0 + -3))/1)/(-2). Suppose 2*h - 8 = q, 2*s + 0 = 3*h - 2. Suppose -j = s*i + 2*j - 970, 5*j - 194 = -i. What is the hundreds digit of i?
1
Let w = 2722 - -3826. What is the hundreds digit of w?
5
What is the thousands digit of 28*(-135)/(-90)*824/14?
2
Let h(d) = -3*d**2 - 25*d - 40. Let w be h(-6). Suppose 0 = w*v + v + 12, 2*v = -3*q + 2431. What is the t